{"id":11027,"date":"2025-07-22T08:41:17","date_gmt":"2025-07-22T15:41:17","guid":{"rendered":"https:\/\/observatorios.colef.mx\/osymm\/?page_id=11027"},"modified":"2025-12-10T16:58:30","modified_gmt":"2025-12-10T23:58:30","slug":"salud-mental","status":"publish","type":"page","link":"https:\/\/observatorios.colef.mx\/osymm\/salud-mental\/","title":{"rendered":"SALUD MENTAL"},"content":{"rendered":"\t\t<div data-elementor-type=\"wp-page\" data-elementor-id=\"11027\" class=\"elementor elementor-11027\" data-elementor-post-type=\"page\">\n\t\t\t\t<div class=\"elementor-element elementor-element-ce87976 e-grid e-con-boxed e-con e-parent\" data-id=\"ce87976\" data-element_type=\"container\">\n\t\t\t\t\t<div class=\"e-con-inner\">\n\t\t<div class=\"elementor-element elementor-element-d2ff7ce e-con-full e-flex e-con e-child\" data-id=\"d2ff7ce\" data-element_type=\"container\">\n\t\t\t\t<div class=\"elementor-element elementor-element-f3ccef0 elementor-widget elementor-widget-text-editor\" data-id=\"f3ccef0\" data-element_type=\"widget\" data-widget_type=\"text-editor.default\">\n\t\t\t\t<div class=\"elementor-widget-container\">\n\t\t\t\t\t\t\t\t\t<h4>Forced migration and psychological distress among migrants in transit through Mexico.<\/h4><h6>Boj\u00f3rquez-Chapela I, Leyva-Flores R, G\u00f3mez-L\u00f3pez D, V\u00e1zquez EK, Cort\u00e9s-Alcal\u00e1 R. Forced migration and psychological distress among migrants in transit through Mexico. Salud Publica Mex.\u00a0<\/h6>\t\t\t\t\t\t\t\t<\/div>\n\t\t\t\t<\/div>\n\t\t\t\t<div class=\"elementor-element elementor-element-eb470c5 elementor-widget elementor-widget-button\" data-id=\"eb470c5\" data-element_type=\"widget\" data-widget_type=\"button.default\">\n\t\t\t\t<div class=\"elementor-widget-container\">\n\t\t\t\t\t\t\t\t\t<div class=\"elementor-button-wrapper\">\n\t\t\t\t\t<a class=\"elementor-button elementor-button-link elementor-size-sm\" href=\"https:\/\/saludpublica.mx\/index.php\/spm\/article\/view\/14829\" target=\"_blank\">\n\t\t\t\t\t\t<span class=\"elementor-button-content-wrapper\">\n\t\t\t\t\t\t\t\t\t<span class=\"elementor-button-text\">Leer m\u00e1s. <\/span>\n\t\t\t\t\t<\/span>\n\t\t\t\t\t<\/a>\n\t\t\t\t<\/div>\n\t\t\t\t\t\t\t\t<\/div>\n\t\t\t\t<\/div>\n\t\t\t\t<\/div>\n\t\t\t\t<div class=\"elementor-element elementor-element-c0b5ab5 elementor-widget elementor-widget-text-editor\" data-id=\"c0b5ab5\" data-element_type=\"widget\" data-widget_type=\"text-editor.default\">\n\t\t\t\t<div class=\"elementor-widget-container\">\n\t\t\t\t\t\t\t\t\t<h4>Psychosocial and mental health during the COVID-19 lockdown: A rapid qualitative study in migrant shelters at the Mexico-United States border.\u00a0<\/h4><h6>Boj\u00f3rquez, Ietza, Odgers-Ortiz, Olga, &amp; Olivas-Hern\u00e1ndez, Olga L.. (2021). Psychosocial and mental health during the COVID-19 lockdown: A rapid qualitative study in migrant shelters at the Mexico-United States border. <i>Salud mental<\/i>, <i>44<\/i>(4), 167-175. Epub 25 de octubre de 2021.<\/h6>\t\t\t\t\t\t\t\t<\/div>\n\t\t\t\t<\/div>\n\t\t\t\t<div class=\"elementor-element elementor-element-900d252 elementor-widget elementor-widget-button\" data-id=\"900d252\" data-element_type=\"widget\" data-widget_type=\"button.default\">\n\t\t\t\t<div class=\"elementor-widget-container\">\n\t\t\t\t\t\t\t\t\t<div class=\"elementor-button-wrapper\">\n\t\t\t\t\t<a class=\"elementor-button elementor-button-link elementor-size-sm\" href=\"https:\/\/www.scielo.org.mx\/scielo.php?script=sci_arttext&#038;pid=S0185-33252021000400167&#038;lng=es&#038;nrm=iso\" target=\"_blank\">\n\t\t\t\t\t\t<span class=\"elementor-button-content-wrapper\">\n\t\t\t\t\t\t\t\t\t<span class=\"elementor-button-text\">Leer m\u00e1s <\/span>\n\t\t\t\t\t<\/span>\n\t\t\t\t\t<\/a>\n\t\t\t\t<\/div>\n\t\t\t\t\t\t\t\t<\/div>\n\t\t\t\t<\/div>\n\t\t\t\t\t<\/div>\n\t\t\t\t<\/div>\n\t\t<div class=\"elementor-element elementor-element-b8a5b60 e-grid e-con-boxed e-con e-parent\" data-id=\"b8a5b60\" data-element_type=\"container\">\n\t\t\t\t\t<div class=\"e-con-inner\">\n\t\t\t\t<div class=\"elementor-element elementor-element-45395cd elementor-widget elementor-widget-text-editor\" data-id=\"45395cd\" data-element_type=\"widget\" data-widget_type=\"text-editor.default\">\n\t\t\t\t<div class=\"elementor-widget-container\">\n\t\t\t\t\t\t\t\t\t<h4>Interrupted transit and common mental disorders among migrants in Tijuana, Mexico.\u00a0<\/h4><h6>Bojorquez I, Sep\u00falveda J, Lee D, Strathdee S. Interrupted transit and common mental disorders among migrants in Tijuana, Mexico. Int J Soc Psychiatry. 2022 Aug;68(5):1018-1025.<\/h6>\t\t\t\t\t\t\t\t<\/div>\n\t\t\t\t<\/div>\n\t\t\t\t<div class=\"elementor-element elementor-element-8f1df3c elementor-widget elementor-widget-button\" data-id=\"8f1df3c\" data-element_type=\"widget\" data-widget_type=\"button.default\">\n\t\t\t\t<div class=\"elementor-widget-container\">\n\t\t\t\t\t\t\t\t\t<div class=\"elementor-button-wrapper\">\n\t\t\t\t\t<a class=\"elementor-button elementor-button-link elementor-size-sm\" href=\"https:\/\/pmc.ncbi.nlm.nih.gov\/articles\/PMC10712937\/\" target=\"_blank\">\n\t\t\t\t\t\t<span class=\"elementor-button-content-wrapper\">\n\t\t\t\t\t\t\t\t\t<span class=\"elementor-button-text\">Leer m\u00e1s<\/span>\n\t\t\t\t\t<\/span>\n\t\t\t\t\t<\/a>\n\t\t\t\t<\/div>\n\t\t\t\t\t\t\t\t<\/div>\n\t\t\t\t<\/div>\n\t\t\t\t<div class=\"elementor-element elementor-element-caa9fe4 elementor-widget elementor-widget-text-editor\" data-id=\"caa9fe4\" data-element_type=\"widget\" data-widget_type=\"text-editor.default\">\n\t\t\t\t<div class=\"elementor-widget-container\">\n\t\t\t\t\t\t\t\t\t<h4>Salud mental de personas migrantes en refugio de Tabasco, M\u00e9xico durante COVID\u201119.\u00a0<\/h4><h6>CANO COLLADO, LUZ ALEJANDRA; HERNANDEZ, MARTA \u00a0and\u00a0 PRIEGO ALVAREZ, HEBERTO ROMEO.<span class=\"article-title\"> Mental Health of Immigrants in a Shelter in Tabasco, Mexico During the COVID-19 Epidemic.<\/span><i> Salud, Barranquilla<\/i> [online]. 2021, vol.37, n.3 [cited\u00a0 2025-11-26], pp.583-609.<\/h6>\t\t\t\t\t\t\t\t<\/div>\n\t\t\t\t<\/div>\n\t\t\t\t<div class=\"elementor-element elementor-element-a71f52a elementor-align-left elementor-widget elementor-widget-button\" data-id=\"a71f52a\" data-element_type=\"widget\" data-widget_type=\"button.default\">\n\t\t\t\t<div class=\"elementor-widget-container\">\n\t\t\t\t\t\t\t\t\t<div class=\"elementor-button-wrapper\">\n\t\t\t\t\t<a class=\"elementor-button elementor-button-link elementor-size-sm\" href=\"http:\/\/www.scielo.org.co\/scielo.php?script=sci_arttext&#038;pid=S0120-55522021000300583\" target=\"_blank\">\n\t\t\t\t\t\t<span class=\"elementor-button-content-wrapper\">\n\t\t\t\t\t\t\t\t\t<span class=\"elementor-button-text\">Leer m\u00e1s<\/span>\n\t\t\t\t\t<\/span>\n\t\t\t\t\t<\/a>\n\t\t\t\t<\/div>\n\t\t\t\t\t\t\t\t<\/div>\n\t\t\t\t<\/div>\n\t\t\t\t\t<\/div>\n\t\t\t\t<\/div>\n\t\t<div class=\"elementor-element elementor-element-e696c5f e-grid e-con-boxed e-con e-parent\" data-id=\"e696c5f\" data-element_type=\"container\">\n\t\t\t\t\t<div class=\"e-con-inner\">\n\t\t\t\t<div class=\"elementor-element elementor-element-45579a1 elementor-widget elementor-widget-text-editor\" data-id=\"45579a1\" data-element_type=\"widget\" data-widget_type=\"text-editor.default\">\n\t\t\t\t<div class=\"elementor-widget-container\">\n\t\t\t\t\t\t\t\t\t<h4>Anxiety among Central American Migrants in Mexico: A Cumulative Vulnerability.<\/h4><h6>Berenzon S, Saavedra N, Bojorquez I, Reed G, Wainberg ML, Medina-Mora ME. Anxiety among Central American Migrants in Mexico: A Cumulative Vulnerability. Int J Environ Res Public Health. 2023 Mar 10;20(6):4899.\u00a0<\/h6>\t\t\t\t\t\t\t\t<\/div>\n\t\t\t\t<\/div>\n\t\t\t\t<div class=\"elementor-element elementor-element-1b4ff8d elementor-widget elementor-widget-button\" data-id=\"1b4ff8d\" data-element_type=\"widget\" data-widget_type=\"button.default\">\n\t\t\t\t<div class=\"elementor-widget-container\">\n\t\t\t\t\t\t\t\t\t<div class=\"elementor-button-wrapper\">\n\t\t\t\t\t<a class=\"elementor-button elementor-button-link elementor-size-sm\" href=\"https:\/\/pubmed.ncbi.nlm.nih.gov\/36981807\/\" target=\"_blank\">\n\t\t\t\t\t\t<span class=\"elementor-button-content-wrapper\">\n\t\t\t\t\t\t\t\t\t<span class=\"elementor-button-text\">Leer m\u00e1s<\/span>\n\t\t\t\t\t<\/span>\n\t\t\t\t\t<\/a>\n\t\t\t\t<\/div>\n\t\t\t\t\t\t\t\t<\/div>\n\t\t\t\t<\/div>\n\t\t\t\t<div class=\"elementor-element elementor-element-09d8006 elementor-widget elementor-widget-text-editor\" data-id=\"09d8006\" data-element_type=\"widget\" data-widget_type=\"text-editor.default\">\n\t\t\t\t<div class=\"elementor-widget-container\">\n\t\t\t\t\t\t\t\t\t<h4>Examining the effects of parental migration on youth mental health and substance use: a qualitative study in rural Yucat\u00e1n, M\u00e9xico.\u00a0<\/h4><p>Z\u00fa\u00f1iga ML, Mulholland K, Lewin-Fischer P, Martinez San Rom\u00e1n I, Toledo L and Urada L (2024) Examining the effects of parental migration on youth mental health and substance use: a qualitative study in rural Yucat\u00e1n, M\u00e9xico. <i>Front. Psychiatry<\/i> 15:1368619.\u00a0<\/p>\t\t\t\t\t\t\t\t<\/div>\n\t\t\t\t<\/div>\n\t\t\t\t<div class=\"elementor-element elementor-element-0e1b363 elementor-widget elementor-widget-button\" data-id=\"0e1b363\" data-element_type=\"widget\" data-widget_type=\"button.default\">\n\t\t\t\t<div class=\"elementor-widget-container\">\n\t\t\t\t\t\t\t\t\t<div class=\"elementor-button-wrapper\">\n\t\t\t\t\t<a class=\"elementor-button elementor-button-link elementor-size-sm\" href=\"https:\/\/www.frontiersin.org\/journals\/psychiatry\/articles\/10.3389\/fpsyt.2024.1368619\/full\" target=\"_blank\">\n\t\t\t\t\t\t<span class=\"elementor-button-content-wrapper\">\n\t\t\t\t\t\t\t\t\t<span class=\"elementor-button-text\">Leer m\u00e1s<\/span>\n\t\t\t\t\t<\/span>\n\t\t\t\t\t<\/a>\n\t\t\t\t<\/div>\n\t\t\t\t\t\t\t\t<\/div>\n\t\t\t\t<\/div>\n\t\t\t\t<div class=\"elementor-element elementor-element-1ab84bd elementor-widget elementor-widget-text-editor\" data-id=\"1ab84bd\" data-element_type=\"widget\" data-widget_type=\"text-editor.default\">\n\t\t\t\t<div class=\"elementor-widget-container\">\n\t\t\t\t\t\t\t\t\t<h4>Immigration generation status and its association with suicide attempts, substance use, and depressive symptoms among Latino adolescents in the USA\u00a0<\/h4><p>Pe\u00f1a JB, Wyman PA, Brown CH, Matthieu MM, Olivares TE, Hartel D, Zayas LH. Immigration generation status and its association with suicide attempts, substance use, and depressive symptoms among latino adolescents in the USA. Prev Sci. 2008 Dec;9(4):299-310. doi: 10.1007\/s11121-008-0105-x. Epub 2008 Oct 15. PMID: 18855139; PMCID: PMC2662363.<\/p>\t\t\t\t\t\t\t\t<\/div>\n\t\t\t\t<\/div>\n\t\t\t\t<div class=\"elementor-element elementor-element-f3767e0 elementor-widget elementor-widget-button\" data-id=\"f3767e0\" data-element_type=\"widget\" data-widget_type=\"button.default\">\n\t\t\t\t<div class=\"elementor-widget-container\">\n\t\t\t\t\t\t\t\t\t<div class=\"elementor-button-wrapper\">\n\t\t\t\t\t<a class=\"elementor-button elementor-button-link elementor-size-sm\" href=\"https:\/\/observatorios.colef.mx\/osymm\/immigration-generation-status-and-its-association-with-suicide-attempts-substance-use-and-depressive-symptoms-among-latino-adolescents-in-the-usa\/\" target=\"_blank\">\n\t\t\t\t\t\t<span class=\"elementor-button-content-wrapper\">\n\t\t\t\t\t\t\t\t\t<span class=\"elementor-button-text\">Leer m\u00e1s<\/span>\n\t\t\t\t\t<\/span>\n\t\t\t\t\t<\/a>\n\t\t\t\t<\/div>\n\t\t\t\t\t\t\t\t<\/div>\n\t\t\t\t<\/div>\n\t\t\t\t<div class=\"elementor-element elementor-element-664b59e elementor-widget elementor-widget-text-editor\" data-id=\"664b59e\" data-element_type=\"widget\" data-widget_type=\"text-editor.default\">\n\t\t\t\t<div class=\"elementor-widget-container\">\n\t\t\t\t\t\t\t\t\t<h4>Immigration and suicidal behaviour among mexicans and mexican americans<\/h4><p>Guilherme Borges, Joshua Breslau, Maxwell Su, Matthew Miller, Maria Elena Medina-Mora, and Sergio Aguilar-Gaxiola:<br \/>Immigration and Suicidal Behavior Among Mexicans and Mexican Americans<br \/>American Journal of Public Health 99, 728_733, https:\/\/doi.org\/10.2105\/AJPH.2008.135160<\/p>\t\t\t\t\t\t\t\t<\/div>\n\t\t\t\t<\/div>\n\t\t\t\t<div class=\"elementor-element elementor-element-82bea70 elementor-widget elementor-widget-button\" data-id=\"82bea70\" data-element_type=\"widget\" data-widget_type=\"button.default\">\n\t\t\t\t<div class=\"elementor-widget-container\">\n\t\t\t\t\t\t\t\t\t<div class=\"elementor-button-wrapper\">\n\t\t\t\t\t<a class=\"elementor-button elementor-button-link elementor-size-sm\" href=\"https:\/\/observatorios.colef.mx\/osymm\/immigration-and-suicidal-behavior-among-mexicans-and-mexican-americans\/\" target=\"_blank\">\n\t\t\t\t\t\t<span class=\"elementor-button-content-wrapper\">\n\t\t\t\t\t\t\t\t\t<span class=\"elementor-button-text\">Leer m\u00e1s<\/span>\n\t\t\t\t\t<\/span>\n\t\t\t\t\t<\/a>\n\t\t\t\t<\/div>\n\t\t\t\t\t\t\t\t<\/div>\n\t\t\t\t<\/div>\n\t\t\t\t\t<\/div>\n\t\t\t\t<\/div>\n\t\t\t\t<\/div>\n\t\t","protected":false},"excerpt":{"rendered":"<p>Forced migration and psychological distress among migrants in transit through Mexico. Boj\u00f3rquez-Chapela I, Leyva-Flores R, G\u00f3mez-L\u00f3pez D, V\u00e1zquez EK, Cort\u00e9s-Alcal\u00e1 R. Forced migration and psychological distress among migrants in transit through Mexico. Salud Publica Mex.\u00a0 Leer m\u00e1s. Psychosocial and mental health during the COVID-19 lockdown: A rapid qualitative study in migrant shelters at the Mexico-United [&hellip;]<\/p>\n","protected":false},"author":14,"featured_media":0,"parent":0,"menu_order":0,"comment_status":"closed","ping_status":"closed","template":"","meta":{"footnotes":""},"class_list":["post-11027","page","type-page","status-publish","hentry"],"_links":{"self":[{"href":"https:\/\/observatorios.colef.mx\/osymm\/wp-json\/wp\/v2\/pages\/11027","targetHints":{"allow":["GET"]}}],"collection":[{"href":"https:\/\/observatorios.colef.mx\/osymm\/wp-json\/wp\/v2\/pages"}],"about":[{"href":"https:\/\/observatorios.colef.mx\/osymm\/wp-json\/wp\/v2\/types\/page"}],"author":[{"embeddable":true,"href":"https:\/\/observatorios.colef.mx\/osymm\/wp-json\/wp\/v2\/users\/14"}],"replies":[{"embeddable":true,"href":"https:\/\/observatorios.colef.mx\/osymm\/wp-json\/wp\/v2\/comments?post=11027"}],"version-history":[{"count":20,"href":"https:\/\/observatorios.colef.mx\/osymm\/wp-json\/wp\/v2\/pages\/11027\/revisions"}],"predecessor-version":[{"id":11876,"href":"https:\/\/observatorios.colef.mx\/osymm\/wp-json\/wp\/v2\/pages\/11027\/revisions\/11876"}],"wp:attachment":[{"href":"https:\/\/observatorios.colef.mx\/osymm\/wp-json\/wp\/v2\/media?parent=11027"}],"curies":[{"name":"wp","href":"https:\/\/api.w.org\/{rel}","templated":true}]}}