{"id":10773,"date":"2025-04-07T15:34:32","date_gmt":"2025-04-07T22:34:32","guid":{"rendered":"https:\/\/observatorios.colef.mx\/osymm\/?page_id=10773"},"modified":"2026-02-19T10:58:56","modified_gmt":"2026-02-19T17:58:56","slug":"personas-en-situacion-de-transito-literatura","status":"publish","type":"page","link":"https:\/\/observatorios.colef.mx\/osymm\/personas-en-situacion-de-transito-literatura\/","title":{"rendered":"pruebas Karina"},"content":{"rendered":"\t\t<div data-elementor-type=\"wp-page\" data-elementor-id=\"10773\" class=\"elementor elementor-10773\" data-elementor-post-type=\"page\">\n\t\t\t\t<div class=\"elementor-element elementor-element-61c1a96 e-flex e-con-boxed e-con e-parent\" data-id=\"61c1a96\" data-element_type=\"container\">\n\t\t\t\t\t<div class=\"e-con-inner\">\n\t\t\t\t<div class=\"elementor-element elementor-element-fea831d elementor-widget elementor-widget-qi_addons_for_elementor_blog_list\" data-id=\"fea831d\" data-element_type=\"widget\" data-widget_type=\"qi_addons_for_elementor_blog_list.default\">\n\t\t\t\t<div class=\"elementor-widget-container\">\n\t\t\t\t\t<div class=\"qodef-shortcode qodef-m  qodef-addons-blog-list qodef-info-no-icons  qodef-image--hover-zoom   qodef-qi-grid qodef-layout--qi-columns  qodef-col-num--3  qodef-item-layout--boxed qodef-responsive--predefined\" >\n\t<div class=\"qodef-grid-inner\">\n\t\t<article class=\"qodef-e qodef-blog-item qodef-grid-item qodef-item--full post-10521 post type-post status-publish format-standard hentry category-literatura-gris tag-transito2\">\n\t<div class=\"qodef-e-inner\">\n\t\t<div class=\"qodef-e-media-holder\">\n\t\t\t<div class=\"qodef-e-media\">\n\t<\/div>\n\t\t<\/div>\n\t\t<div class=\"qodef-e-content\">\n\t\t\t\t\t\t<div class=\"qodef-e-text\">\n\t\t\t\t<h5 itemprop=\"name\" class=\"qodef-e-title entry-title\">\n\t<a itemprop=\"url\" class=\"qodef-e-title-link\" href=\"https:\/\/observatorios.colef.mx\/osymm\/informe-mundial-sobre-la-salud-de-los-refugiados-y-los-migrantes\/\">\n\t\tInforme mundial sobre la salud de los refugiados y los migrantes\t<\/a>\n<\/h5>\n\t\t<p itemprop=\"description\" class=\"qodef-e-excerpt\">\n\t\t\tEn este reporte se evidencian problemas de salud de las personas en movilidad y retornados en M\u00e9xico, tanto problemas de salud como riesgos de Virus de Inmunodeficiencia Adquirida\t\t<\/p>\n\t\t\t\t<\/div>\n\t\t\t\t\t\t\t<div class=\"qodef-e-info qodef-info--bottom\">\n\t\t\t\t\t\t<div class=\"qodef-e-read-more\">\n\t\t<a class=\"qodef-shortcode qodef-m  qodef-qi-button qodef-html--link qodef-layout--textual qodef-type--standard   qodef-icon--right qodef-hover--icon-move-horizontal-short     \" href=\"https:\/\/observatorios.colef.mx\/osymm\/informe-mundial-sobre-la-salud-de-los-refugiados-y-los-migrantes\/\" target=\"_self\">\t<span class=\"qodef-m-text\">Leer mas<\/span>\t<\/a>\t<\/div>\n\t\t\t\t<\/div>\n\t\t\t\t\t<\/div>\n\t<\/div>\n<\/article>\n<article class=\"qodef-e qodef-blog-item qodef-grid-item qodef-item--full post-9834 post type-post status-publish format-standard hentry category-literatura-gris tag-transito2\">\n\t<div class=\"qodef-e-inner\">\n\t\t<div class=\"qodef-e-media-holder\">\n\t\t\t<div class=\"qodef-e-media\">\n\t<\/div>\n\t\t<\/div>\n\t\t<div class=\"qodef-e-content\">\n\t\t\t\t\t\t<div class=\"qodef-e-text\">\n\t\t\t\t<h5 itemprop=\"name\" class=\"qodef-e-title entry-title\">\n\t<a itemprop=\"url\" class=\"qodef-e-title-link\" href=\"https:\/\/observatorios.colef.mx\/osymm\/evaluacion-de-brechas-de-informacion-en-salud-sobre-migrantes-en-mexico\/\">\n\t\tEvaluaci\u00f3n de brechas de informaci\u00f3n en salud sobre migrantes en M\u00e9xico\t<\/a>\n<\/h5>\n\t\t<p itemprop=\"description\" class=\"qodef-e-excerpt\">\n\t\t\tEste reporte publicado en 2023 presenta una evaluaci\u00f3n de la disponibilidad de datos sobre salud de migrantes, con \u00e9nfasis en el caso de Tapachula, Chiapas. Ir al documento\t\t<\/p>\n\t\t\t\t<\/div>\n\t\t\t\t\t\t\t<div class=\"qodef-e-info qodef-info--bottom\">\n\t\t\t\t\t\t<div class=\"qodef-e-read-more\">\n\t\t<a class=\"qodef-shortcode qodef-m  qodef-qi-button qodef-html--link qodef-layout--textual qodef-type--standard   qodef-icon--right qodef-hover--icon-move-horizontal-short     \" href=\"https:\/\/observatorios.colef.mx\/osymm\/evaluacion-de-brechas-de-informacion-en-salud-sobre-migrantes-en-mexico\/\" target=\"_self\">\t<span class=\"qodef-m-text\">Leer mas<\/span>\t<\/a>\t<\/div>\n\t\t\t\t<\/div>\n\t\t\t\t\t<\/div>\n\t<\/div>\n<\/article>\n<article class=\"qodef-e qodef-blog-item qodef-grid-item qodef-item--full post-9900 post type-post status-publish format-standard hentry category-literatura-gris tag-transito2\">\n\t<div class=\"qodef-e-inner\">\n\t\t<div class=\"qodef-e-media-holder\">\n\t\t\t<div class=\"qodef-e-media\">\n\t<\/div>\n\t\t<\/div>\n\t\t<div class=\"qodef-e-content\">\n\t\t\t\t\t\t<div class=\"qodef-e-text\">\n\t\t\t\t<h5 itemprop=\"name\" class=\"qodef-e-title entry-title\">\n\t<a itemprop=\"url\" class=\"qodef-e-title-link\" href=\"https:\/\/observatorios.colef.mx\/osymm\/agenda-de-investigacion-oms\/\">\n\t\tAgenda de investigaci\u00f3n OMS\t<\/a>\n<\/h5>\n\t\t<p itemprop=\"description\" class=\"qodef-e-excerpt\">\n\t\t\tLa agenda de investigaci\u00f3n en migraci\u00f3n y salud 2023 de la Organizaci\u00f3n Mundial de la Salud (OMS) sugiere las principales l\u00edneas en las que deber\u00eda desarrollarse el conocimien\t\t<\/p>\n\t\t\t\t<\/div>\n\t\t\t\t\t\t\t<div class=\"qodef-e-info qodef-info--bottom\">\n\t\t\t\t\t\t<div class=\"qodef-e-read-more\">\n\t\t<a class=\"qodef-shortcode qodef-m  qodef-qi-button qodef-html--link qodef-layout--textual qodef-type--standard   qodef-icon--right qodef-hover--icon-move-horizontal-short     \" href=\"https:\/\/observatorios.colef.mx\/osymm\/agenda-de-investigacion-oms\/\" target=\"_self\">\t<span class=\"qodef-m-text\">Leer mas<\/span>\t<\/a>\t<\/div>\n\t\t\t\t<\/div>\n\t\t\t\t\t<\/div>\n\t<\/div>\n<\/article>\n\t<\/div>\n\t<\/div>\n\t\t\t\t<\/div>\n\t\t\t\t<\/div>\n\t\t\t\t\t<\/div>\n\t\t\t\t<\/div>\n\t\t\t\t<\/div>\n\t\t","protected":false},"excerpt":{"rendered":"<p>Informe mundial sobre la salud de los refugiados y los migrantes En este reporte se evidencian problemas de salud de las personas en movilidad y retornados en M\u00e9xico, tanto problemas de salud como riesgos de VIH e ITS, violencia basada en g\u00e9ne Leer mas Evaluaci\u00f3n de brechas de informaci\u00f3n en salud sobre migrantes en M\u00e9xico [&hellip;]<\/p>\n","protected":false},"author":14,"featured_media":0,"parent":0,"menu_order":0,"comment_status":"closed","ping_status":"closed","template":"","meta":{"footnotes":""},"class_list":["post-10773","page","type-page","status-publish","hentry"],"_links":{"self":[{"href":"https:\/\/observatorios.colef.mx\/osymm\/wp-json\/wp\/v2\/pages\/10773","targetHints":{"allow":["GET"]}}],"collection":[{"href":"https:\/\/observatorios.colef.mx\/osymm\/wp-json\/wp\/v2\/pages"}],"about":[{"href":"https:\/\/observatorios.colef.mx\/osymm\/wp-json\/wp\/v2\/types\/page"}],"author":[{"embeddable":true,"href":"https:\/\/observatorios.colef.mx\/osymm\/wp-json\/wp\/v2\/users\/14"}],"replies":[{"embeddable":true,"href":"https:\/\/observatorios.colef.mx\/osymm\/wp-json\/wp\/v2\/comments?post=10773"}],"version-history":[{"count":6,"href":"https:\/\/observatorios.colef.mx\/osymm\/wp-json\/wp\/v2\/pages\/10773\/revisions"}],"predecessor-version":[{"id":11661,"href":"https:\/\/observatorios.colef.mx\/osymm\/wp-json\/wp\/v2\/pages\/10773\/revisions\/11661"}],"wp:attachment":[{"href":"https:\/\/observatorios.colef.mx\/osymm\/wp-json\/wp\/v2\/media?parent=10773"}],"curies":[{"name":"wp","href":"https:\/\/api.w.org\/{rel}","templated":true}]}}

<div data-elementor-type="wp-page" data-elementor-id="10773" class="elementor elementor-10773" data-elementor-post-type="page">
				<div class="elementor-element elementor-element-61c1a96 e-flex e-con-boxed e-con e-parent" data-id="61c1a96" data-element_type="container">
					<div class="e-con-inner">
				<div class="elementor-element elementor-element-fea831d elementor-widget elementor-widget-qi_addons_for_elementor_blog_list" data-id="fea831d" data-element_type="widget" data-widget_type="qi_addons_for_elementor_blog_list.default">
				<div class="elementor-widget-container">
					<div class="qodef-shortcode qodef-m  qodef-addons-blog-list qodef-info-no-icons  qodef-image--hover-zoom   qodef-qi-grid qodef-layout--qi-columns  qodef-col-num--3  qodef-item-layout--boxed qodef-responsive--predefined" >
	<div class="qodef-grid-inner">
		<article class="qodef-e qodef-blog-item qodef-grid-item qodef-item--full post-10521 post type-post status-publish format-standard hentry category-literatura-gris tag-transito2">
	<div class="qodef-e-inner">
		<div class="qodef-e-media-holder">
			<div class="qodef-e-media">
	</div>
		</div>
		<div class="qodef-e-content">
						<div class="qodef-e-text">
				<h5 itemprop="name" class="qodef-e-title entry-title">
	<a itemprop="url" class="qodef-e-title-link" href="https://observatorios.colef.mx/osymm/informe-mundial-sobre-la-salud-de-los-refugiados-y-los-migrantes/">
		Informe mundial sobre la salud de los refugiados y los migrantes	</a>
</h5>
		<p itemprop="description" class="qodef-e-excerpt">
			En este reporte se evidencian problemas de salud de las personas en movilidad y retornados en México, tanto problemas de salud como riesgos de Virus de Inmunodeficiencia Adquirida		</p>
				</div>
							<div class="qodef-e-info qodef-info--bottom">
						<div class="qodef-e-read-more">
		<a class="qodef-shortcode qodef-m  qodef-qi-button qodef-html--link qodef-layout--textual qodef-type--standard   qodef-icon--right qodef-hover--icon-move-horizontal-short     " href="https://observatorios.colef.mx/osymm/informe-mundial-sobre-la-salud-de-los-refugiados-y-los-migrantes/" target="_self">	<span class="qodef-m-text">Leer mas</span>	</a>	</div>
				</div>
					</div>
	</div>
</article>
<article class="qodef-e qodef-blog-item qodef-grid-item qodef-item--full post-9834 post type-post status-publish format-standard hentry category-literatura-gris tag-transito2">
	<div class="qodef-e-inner">
		<div class="qodef-e-media-holder">
			<div class="qodef-e-media">
	</div>
		</div>
		<div class="qodef-e-content">
						<div class="qodef-e-text">
				<h5 itemprop="name" class="qodef-e-title entry-title">
	<a itemprop="url" class="qodef-e-title-link" href="https://observatorios.colef.mx/osymm/evaluacion-de-brechas-de-informacion-en-salud-sobre-migrantes-en-mexico/">
		Evaluación de brechas de información en salud sobre migrantes en México	</a>
</h5>
		<p itemprop="description" class="qodef-e-excerpt">
			Este reporte publicado en 2023 presenta una evaluación de la disponibilidad de datos sobre salud de migrantes, con énfasis en el caso de Tapachula, Chiapas. Ir al documento		</p>
				</div>
							<div class="qodef-e-info qodef-info--bottom">
						<div class="qodef-e-read-more">
		<a class="qodef-shortcode qodef-m  qodef-qi-button qodef-html--link qodef-layout--textual qodef-type--standard   qodef-icon--right qodef-hover--icon-move-horizontal-short     " href="https://observatorios.colef.mx/osymm/evaluacion-de-brechas-de-informacion-en-salud-sobre-migrantes-en-mexico/" target="_self">	<span class="qodef-m-text">Leer mas</span>	</a>	</div>
				</div>
					</div>
	</div>
</article>
<article class="qodef-e qodef-blog-item qodef-grid-item qodef-item--full post-9900 post type-post status-publish format-standard hentry category-literatura-gris tag-transito2">
	<div class="qodef-e-inner">
		<div class="qodef-e-media-holder">
			<div class="qodef-e-media">
	</div>
		</div>
		<div class="qodef-e-content">
						<div class="qodef-e-text">
				<h5 itemprop="name" class="qodef-e-title entry-title">
	<a itemprop="url" class="qodef-e-title-link" href="https://observatorios.colef.mx/osymm/agenda-de-investigacion-oms/">
		Agenda de investigación OMS	</a>
</h5>
		<p itemprop="description" class="qodef-e-excerpt">
			La agenda de investigación en migración y salud 2023 de la Organización Mundial de la Salud (OMS) sugiere las principales líneas en las que debería desarrollarse el conocimien		</p>
				</div>
							<div class="qodef-e-info qodef-info--bottom">
						<div class="qodef-e-read-more">
		<a class="qodef-shortcode qodef-m  qodef-qi-button qodef-html--link qodef-layout--textual qodef-type--standard   qodef-icon--right qodef-hover--icon-move-horizontal-short     " href="https://observatorios.colef.mx/osymm/agenda-de-investigacion-oms/" target="_self">	<span class="qodef-m-text">Leer mas</span>	</a>	</div>
				</div>
					</div>
	</div>
</article>
	</div>
	</div>
				</div>
				</div>
					</div>
				</div>
				</div>

<p>Informe mundial sobre la salud de los refugiados y los migrantes En este reporte se evidencian problemas de salud de las personas en movilidad y retornados en México, tanto problemas de salud como riesgos de VIH e ITS, violencia basada en géne Leer mas Evaluación de brechas de información en salud sobre migrantes en México [&hellip;]</p>
