{"id":10767,"date":"2025-04-07T15:32:52","date_gmt":"2025-04-07T22:32:52","guid":{"rendered":"https:\/\/observatorios.colef.mx\/osymm\/?page_id=10767"},"modified":"2025-04-07T15:33:57","modified_gmt":"2025-04-07T22:33:57","slug":"repatriados-literatura","status":"publish","type":"page","link":"https:\/\/observatorios.colef.mx\/osymm\/repatriados-literatura\/","title":{"rendered":"REPATRIADOS LITERATURA"},"content":{"rendered":"\t\t<div data-elementor-type=\"wp-page\" data-elementor-id=\"10767\" class=\"elementor elementor-10767\" data-elementor-post-type=\"page\">\n\t\t\t\t<div class=\"elementor-element elementor-element-61c1a96 e-flex e-con-boxed e-con e-parent\" data-id=\"61c1a96\" data-element_type=\"container\">\n\t\t\t\t\t<div class=\"e-con-inner\">\n\t\t\t\t<div class=\"elementor-element elementor-element-fea831d elementor-widget elementor-widget-qi_addons_for_elementor_blog_list\" data-id=\"fea831d\" data-element_type=\"widget\" data-widget_type=\"qi_addons_for_elementor_blog_list.default\">\n\t\t\t\t<div class=\"elementor-widget-container\">\n\t\t\t\t\t<div class=\"qodef-shortcode qodef-m  qodef-addons-blog-list qodef-info-no-icons  qodef-image--hover-zoom   qodef-qi-grid qodef-layout--qi-columns  qodef-col-num--3  qodef-item-layout--boxed qodef-responsive--predefined\" >\n\t<div class=\"qodef-grid-inner\">\n\t\t<article class=\"qodef-e qodef-blog-item qodef-grid-item qodef-item--full post-10710 post type-post status-publish format-standard hentry category-literatura-gris tag-repatriados2\">\n\t<div class=\"qodef-e-inner\">\n\t\t<div class=\"qodef-e-media-holder\">\n\t\t\t<div class=\"qodef-e-media\">\n\t<\/div>\n\t\t<\/div>\n\t\t<div class=\"qodef-e-content\">\n\t\t\t\t\t\t<div class=\"qodef-e-text\">\n\t\t\t\t<h5 itemprop=\"name\" class=\"qodef-e-title entry-title\">\n\t<a itemprop=\"url\" class=\"qodef-e-title-link\" href=\"https:\/\/observatorios.colef.mx\/osymm\/unidad-de-politica-migratoria\/\">\n\t\tUnidad de Pol\u00edtica Migratoria, Registro e Identidad de Personas, Secretar\u00eda de Gobernaci\u00f3n. Bolet\u00edn Mensual de Estad\u00edsticas Migratorias, 2025.\t<\/a>\n<\/h5>\n\t\t<p itemprop=\"description\" class=\"qodef-e-excerpt\">\n\t\t\tBolet\u00edn estad\u00edstico sobre el registro de la devoluci\u00f3n de mexicanas y mexicanos desde Estados Unidos (antes, repatriaci\u00f3n de mexicanos) Ir al documento.\t\t<\/p>\n\t\t\t\t<\/div>\n\t\t\t\t\t\t\t<div class=\"qodef-e-info qodef-info--bottom\">\n\t\t\t\t\t\t<div class=\"qodef-e-read-more\">\n\t\t<a class=\"qodef-shortcode qodef-m  qodef-qi-button qodef-html--link qodef-layout--textual qodef-type--standard   qodef-icon--right qodef-hover--icon-move-horizontal-short     \" href=\"https:\/\/observatorios.colef.mx\/osymm\/unidad-de-politica-migratoria\/\" target=\"_self\">\t<span class=\"qodef-m-text\">Leer mas<\/span>\t<\/a>\t<\/div>\n\t\t\t\t<\/div>\n\t\t\t\t\t<\/div>\n\t<\/div>\n<\/article>\n<article class=\"qodef-e qodef-blog-item qodef-grid-item qodef-item--full post-10705 post type-post status-publish format-standard hentry category-literatura-gris tag-repatriados2\">\n\t<div class=\"qodef-e-inner\">\n\t\t<div class=\"qodef-e-media-holder\">\n\t\t\t<div class=\"qodef-e-media\">\n\t<\/div>\n\t\t<\/div>\n\t\t<div class=\"qodef-e-content\">\n\t\t\t\t\t\t<div class=\"qodef-e-text\">\n\t\t\t\t<h5 itemprop=\"name\" class=\"qodef-e-title entry-title\">\n\t<a itemprop=\"url\" class=\"qodef-e-title-link\" href=\"https:\/\/observatorios.colef.mx\/osymm\/return-migration-and-the-challenges-of-reintegration-in-mexico\/\">\n\t\tReturn Migration and the Challenges of Reintegration in Mexico\t<\/a>\n<\/h5>\n\t\t<p itemprop=\"description\" class=\"qodef-e-excerpt\">\n\t\t\tEntre 2005 y 2018, m\u00e1s de tres millones de mexicanos indocumentados que viv\u00edan en Estados Unidos regresaron a M\u00e9xico, muchos de ellos miembros de la llamada generaci\u00f3n 1.5, ind\t\t<\/p>\n\t\t\t\t<\/div>\n\t\t\t\t\t\t\t<div class=\"qodef-e-info qodef-info--bottom\">\n\t\t\t\t\t\t<div class=\"qodef-e-read-more\">\n\t\t<a class=\"qodef-shortcode qodef-m  qodef-qi-button qodef-html--link qodef-layout--textual qodef-type--standard   qodef-icon--right qodef-hover--icon-move-horizontal-short     \" href=\"https:\/\/observatorios.colef.mx\/osymm\/return-migration-and-the-challenges-of-reintegration-in-mexico\/\" target=\"_self\">\t<span class=\"qodef-m-text\">Leer mas<\/span>\t<\/a>\t<\/div>\n\t\t\t\t<\/div>\n\t\t\t\t\t<\/div>\n\t<\/div>\n<\/article>\n<article class=\"qodef-e qodef-blog-item qodef-grid-item qodef-item--full post-10715 post type-post status-publish format-standard hentry category-literatura-gris tag-repatriados2\">\n\t<div class=\"qodef-e-inner\">\n\t\t<div class=\"qodef-e-media-holder\">\n\t\t\t<div class=\"qodef-e-media\">\n\t<\/div>\n\t\t<\/div>\n\t\t<div class=\"qodef-e-content\">\n\t\t\t\t\t\t<div class=\"qodef-e-text\">\n\t\t\t\t<h5 itemprop=\"name\" class=\"qodef-e-title entry-title\">\n\t<a itemprop=\"url\" class=\"qodef-e-title-link\" href=\"https:\/\/observatorios.colef.mx\/osymm\/diagnostico-sobre-personas-mexicanas-desplazadas-deportadas-y-retornadas-en-la-frontera-norte-de-mexico-necesidades-y-riesgos\/\">\n\t\tDiagn\u00f3stico sobre personas mexicanas desplazadas, deportadas y retornadas en la frontera norte de M\u00e9xico: Necesidades y riesgos\t<\/a>\n<\/h5>\n\t\t<p itemprop=\"description\" class=\"qodef-e-excerpt\">\n\t\t\tEl Consejo Noruego para Refugiados (NRC) y el Comit\u00e9 Internacional de Rescate (IRC) llevaron a cabo un estudio en cuatro estados fronterizos: Baja California, Chihuahua, Sonora y\t\t<\/p>\n\t\t\t\t<\/div>\n\t\t\t\t\t\t\t<div class=\"qodef-e-info qodef-info--bottom\">\n\t\t\t\t\t\t<div class=\"qodef-e-read-more\">\n\t\t<a class=\"qodef-shortcode qodef-m  qodef-qi-button qodef-html--link qodef-layout--textual qodef-type--standard   qodef-icon--right qodef-hover--icon-move-horizontal-short     \" href=\"https:\/\/observatorios.colef.mx\/osymm\/diagnostico-sobre-personas-mexicanas-desplazadas-deportadas-y-retornadas-en-la-frontera-norte-de-mexico-necesidades-y-riesgos\/\" target=\"_self\">\t<span class=\"qodef-m-text\">Leer mas<\/span>\t<\/a>\t<\/div>\n\t\t\t\t<\/div>\n\t\t\t\t\t<\/div>\n\t<\/div>\n<\/article>\n<article class=\"qodef-e qodef-blog-item qodef-grid-item qodef-item--full post-10707 post type-post status-publish format-standard hentry category-literatura-gris tag-repatriados2\">\n\t<div class=\"qodef-e-inner\">\n\t\t<div class=\"qodef-e-media-holder\">\n\t\t\t<div class=\"qodef-e-media\">\n\t<\/div>\n\t\t<\/div>\n\t\t<div class=\"qodef-e-content\">\n\t\t\t\t\t\t<div class=\"qodef-e-text\">\n\t\t\t\t<h5 itemprop=\"name\" class=\"qodef-e-title entry-title\">\n\t<a itemprop=\"url\" class=\"qodef-e-title-link\" href=\"https:\/\/observatorios.colef.mx\/osymm\/data-collection-on-urban-mixed-migration-mexico-city-report-2022\/\">\n\t\tData Collection on Urban Mixed Migration Mexico City Report, 2022\t<\/a>\n<\/h5>\n\t\t<p itemprop=\"description\" class=\"qodef-e-excerpt\">\n\t\t\tEste informe de ciudad presenta el trabajo realizado por el Centro de Migraci\u00f3n Mixta y el Consejo de Alcaldes sobre Migraci\u00f3n (MMC\u00b2) en la Ciudad de M\u00e9xico, como parte de un p\t\t<\/p>\n\t\t\t\t<\/div>\n\t\t\t\t\t\t\t<div class=\"qodef-e-info qodef-info--bottom\">\n\t\t\t\t\t\t<div class=\"qodef-e-read-more\">\n\t\t<a class=\"qodef-shortcode qodef-m  qodef-qi-button qodef-html--link qodef-layout--textual qodef-type--standard   qodef-icon--right qodef-hover--icon-move-horizontal-short     \" href=\"https:\/\/observatorios.colef.mx\/osymm\/data-collection-on-urban-mixed-migration-mexico-city-report-2022\/\" target=\"_self\">\t<span class=\"qodef-m-text\">Leer mas<\/span>\t<\/a>\t<\/div>\n\t\t\t\t<\/div>\n\t\t\t\t\t<\/div>\n\t<\/div>\n<\/article>\n<article class=\"qodef-e qodef-blog-item qodef-grid-item qodef-item--full post-10712 post type-post status-publish format-standard hentry category-literatura-gris tag-repatriados2\">\n\t<div class=\"qodef-e-inner\">\n\t\t<div class=\"qodef-e-media-holder\">\n\t\t\t<div class=\"qodef-e-media\">\n\t<\/div>\n\t\t<\/div>\n\t\t<div class=\"qodef-e-content\">\n\t\t\t\t\t\t<div class=\"qodef-e-text\">\n\t\t\t\t<h5 itemprop=\"name\" class=\"qodef-e-title entry-title\">\n\t<a itemprop=\"url\" class=\"qodef-e-title-link\" href=\"https:\/\/observatorios.colef.mx\/osymm\/acuerdo-por-el-que-se-establece-la-estrategia-interinstitucional-de-atencion-integral-a-familias-mexicanas-repatriadas-y-en-retorno\/\">\n\t\tACUERDO por el que se establece la Estrategia Interinstitucional de Atenci\u00f3n Integral a Familias Mexicanas Repatriadas y en Retorno\t<\/a>\n<\/h5>\n\t\t<p itemprop=\"description\" class=\"qodef-e-excerpt\">\n\t\t\tDocumento que define la Estrategia Interinstitucional de Atenci\u00f3n Integral a Familias Mexicanas Repatriadas y en Retorno, incluyendo las acciones para la reintegraci\u00f3n a los serv\t\t<\/p>\n\t\t\t\t<\/div>\n\t\t\t\t\t\t\t<div class=\"qodef-e-info qodef-info--bottom\">\n\t\t\t\t\t\t<div class=\"qodef-e-read-more\">\n\t\t<a class=\"qodef-shortcode qodef-m  qodef-qi-button qodef-html--link qodef-layout--textual qodef-type--standard   qodef-icon--right qodef-hover--icon-move-horizontal-short     \" href=\"https:\/\/observatorios.colef.mx\/osymm\/acuerdo-por-el-que-se-establece-la-estrategia-interinstitucional-de-atencion-integral-a-familias-mexicanas-repatriadas-y-en-retorno\/\" target=\"_self\">\t<span class=\"qodef-m-text\">Leer mas<\/span>\t<\/a>\t<\/div>\n\t\t\t\t<\/div>\n\t\t\t\t\t<\/div>\n\t<\/div>\n<\/article>\n\t<\/div>\n\t<\/div>\n\t\t\t\t<\/div>\n\t\t\t\t<\/div>\n\t\t\t\t\t<\/div>\n\t\t\t\t<\/div>\n\t\t\t\t<\/div>\n\t\t","protected":false},"excerpt":{"rendered":"<p>Unidad de Pol\u00edtica Migratoria, Registro e Identidad de Personas, Secretar\u00eda de Gobernaci\u00f3n. Bolet\u00edn Mensual de Estad\u00edsticas Migratorias, 2025. Bolet\u00edn estad\u00edstico sobre el registro de la devoluci\u00f3n de mexicanas y mexicanos desde Estados Unidos (antes, repatriaci\u00f3n de mexicanos) Ir al documento. Leer mas Return Migration and the Challenges of Reintegration in Mexico Entre 2005 y 2018, [&hellip;]<\/p>\n","protected":false},"author":14,"featured_media":0,"parent":0,"menu_order":0,"comment_status":"closed","ping_status":"closed","template":"","meta":{"footnotes":""},"class_list":["post-10767","page","type-page","status-publish","hentry"],"_links":{"self":[{"href":"https:\/\/observatorios.colef.mx\/osymm\/wp-json\/wp\/v2\/pages\/10767","targetHints":{"allow":["GET"]}}],"collection":[{"href":"https:\/\/observatorios.colef.mx\/osymm\/wp-json\/wp\/v2\/pages"}],"about":[{"href":"https:\/\/observatorios.colef.mx\/osymm\/wp-json\/wp\/v2\/types\/page"}],"author":[{"embeddable":true,"href":"https:\/\/observatorios.colef.mx\/osymm\/wp-json\/wp\/v2\/users\/14"}],"replies":[{"embeddable":true,"href":"https:\/\/observatorios.colef.mx\/osymm\/wp-json\/wp\/v2\/comments?post=10767"}],"version-history":[{"count":4,"href":"https:\/\/observatorios.colef.mx\/osymm\/wp-json\/wp\/v2\/pages\/10767\/revisions"}],"predecessor-version":[{"id":10772,"href":"https:\/\/observatorios.colef.mx\/osymm\/wp-json\/wp\/v2\/pages\/10767\/revisions\/10772"}],"wp:attachment":[{"href":"https:\/\/observatorios.colef.mx\/osymm\/wp-json\/wp\/v2\/media?parent=10767"}],"curies":[{"name":"wp","href":"https:\/\/api.w.org\/{rel}","templated":true}]}}

<div data-elementor-type="wp-page" data-elementor-id="10767" class="elementor elementor-10767" data-elementor-post-type="page">
				<div class="elementor-element elementor-element-61c1a96 e-flex e-con-boxed e-con e-parent" data-id="61c1a96" data-element_type="container">
					<div class="e-con-inner">
				<div class="elementor-element elementor-element-fea831d elementor-widget elementor-widget-qi_addons_for_elementor_blog_list" data-id="fea831d" data-element_type="widget" data-widget_type="qi_addons_for_elementor_blog_list.default">
				<div class="elementor-widget-container">
					<div class="qodef-shortcode qodef-m  qodef-addons-blog-list qodef-info-no-icons  qodef-image--hover-zoom   qodef-qi-grid qodef-layout--qi-columns  qodef-col-num--3  qodef-item-layout--boxed qodef-responsive--predefined" >
	<div class="qodef-grid-inner">
		<article class="qodef-e qodef-blog-item qodef-grid-item qodef-item--full post-10710 post type-post status-publish format-standard hentry category-literatura-gris tag-repatriados2">
	<div class="qodef-e-inner">
		<div class="qodef-e-media-holder">
			<div class="qodef-e-media">
	</div>
		</div>
		<div class="qodef-e-content">
						<div class="qodef-e-text">
				<h5 itemprop="name" class="qodef-e-title entry-title">
	<a itemprop="url" class="qodef-e-title-link" href="https://observatorios.colef.mx/osymm/unidad-de-politica-migratoria/">
		Unidad de Política Migratoria, Registro e Identidad de Personas, Secretaría de Gobernación. Boletín Mensual de Estadísticas Migratorias, 2025.	</a>
</h5>
		<p itemprop="description" class="qodef-e-excerpt">
			Boletín estadístico sobre el registro de la devolución de mexicanas y mexicanos desde Estados Unidos (antes, repatriación de mexicanos) Ir al documento.		</p>
				</div>
							<div class="qodef-e-info qodef-info--bottom">
						<div class="qodef-e-read-more">
		<a class="qodef-shortcode qodef-m  qodef-qi-button qodef-html--link qodef-layout--textual qodef-type--standard   qodef-icon--right qodef-hover--icon-move-horizontal-short     " href="https://observatorios.colef.mx/osymm/unidad-de-politica-migratoria/" target="_self">	<span class="qodef-m-text">Leer mas</span>	</a>	</div>
				</div>
					</div>
	</div>
</article>
<article class="qodef-e qodef-blog-item qodef-grid-item qodef-item--full post-10705 post type-post status-publish format-standard hentry category-literatura-gris tag-repatriados2">
	<div class="qodef-e-inner">
		<div class="qodef-e-media-holder">
			<div class="qodef-e-media">
	</div>
		</div>
		<div class="qodef-e-content">
						<div class="qodef-e-text">
				<h5 itemprop="name" class="qodef-e-title entry-title">
	<a itemprop="url" class="qodef-e-title-link" href="https://observatorios.colef.mx/osymm/return-migration-and-the-challenges-of-reintegration-in-mexico/">
		Return Migration and the Challenges of Reintegration in Mexico	</a>
</h5>
		<p itemprop="description" class="qodef-e-excerpt">
			Entre 2005 y 2018, más de tres millones de mexicanos indocumentados que vivían en Estados Unidos regresaron a México, muchos de ellos miembros de la llamada generación 1.5, ind		</p>
				</div>
							<div class="qodef-e-info qodef-info--bottom">
						<div class="qodef-e-read-more">
		<a class="qodef-shortcode qodef-m  qodef-qi-button qodef-html--link qodef-layout--textual qodef-type--standard   qodef-icon--right qodef-hover--icon-move-horizontal-short     " href="https://observatorios.colef.mx/osymm/return-migration-and-the-challenges-of-reintegration-in-mexico/" target="_self">	<span class="qodef-m-text">Leer mas</span>	</a>	</div>
				</div>
					</div>
	</div>
</article>
<article class="qodef-e qodef-blog-item qodef-grid-item qodef-item--full post-10715 post type-post status-publish format-standard hentry category-literatura-gris tag-repatriados2">
	<div class="qodef-e-inner">
		<div class="qodef-e-media-holder">
			<div class="qodef-e-media">
	</div>
		</div>
		<div class="qodef-e-content">
						<div class="qodef-e-text">
				<h5 itemprop="name" class="qodef-e-title entry-title">
	<a itemprop="url" class="qodef-e-title-link" href="https://observatorios.colef.mx/osymm/diagnostico-sobre-personas-mexicanas-desplazadas-deportadas-y-retornadas-en-la-frontera-norte-de-mexico-necesidades-y-riesgos/">
		Diagnóstico sobre personas mexicanas desplazadas, deportadas y retornadas en la frontera norte de México: Necesidades y riesgos	</a>
</h5>
		<p itemprop="description" class="qodef-e-excerpt">
			El Consejo Noruego para Refugiados (NRC) y el Comité Internacional de Rescate (IRC) llevaron a cabo un estudio en cuatro estados fronterizos: Baja California, Chihuahua, Sonora y		</p>
				</div>
							<div class="qodef-e-info qodef-info--bottom">
						<div class="qodef-e-read-more">
		<a class="qodef-shortcode qodef-m  qodef-qi-button qodef-html--link qodef-layout--textual qodef-type--standard   qodef-icon--right qodef-hover--icon-move-horizontal-short     " href="https://observatorios.colef.mx/osymm/diagnostico-sobre-personas-mexicanas-desplazadas-deportadas-y-retornadas-en-la-frontera-norte-de-mexico-necesidades-y-riesgos/" target="_self">	<span class="qodef-m-text">Leer mas</span>	</a>	</div>
				</div>
					</div>
	</div>
</article>
<article class="qodef-e qodef-blog-item qodef-grid-item qodef-item--full post-10707 post type-post status-publish format-standard hentry category-literatura-gris tag-repatriados2">
	<div class="qodef-e-inner">
		<div class="qodef-e-media-holder">
			<div class="qodef-e-media">
	</div>
		</div>
		<div class="qodef-e-content">
						<div class="qodef-e-text">
				<h5 itemprop="name" class="qodef-e-title entry-title">
	<a itemprop="url" class="qodef-e-title-link" href="https://observatorios.colef.mx/osymm/data-collection-on-urban-mixed-migration-mexico-city-report-2022/">
		Data Collection on Urban Mixed Migration Mexico City Report, 2022	</a>
</h5>
		<p itemprop="description" class="qodef-e-excerpt">
			Este informe de ciudad presenta el trabajo realizado por el Centro de Migración Mixta y el Consejo de Alcaldes sobre Migración (MMC²) en la Ciudad de México, como parte de un p		</p>
				</div>
							<div class="qodef-e-info qodef-info--bottom">
						<div class="qodef-e-read-more">
		<a class="qodef-shortcode qodef-m  qodef-qi-button qodef-html--link qodef-layout--textual qodef-type--standard   qodef-icon--right qodef-hover--icon-move-horizontal-short     " href="https://observatorios.colef.mx/osymm/data-collection-on-urban-mixed-migration-mexico-city-report-2022/" target="_self">	<span class="qodef-m-text">Leer mas</span>	</a>	</div>
				</div>
					</div>
	</div>
</article>
<article class="qodef-e qodef-blog-item qodef-grid-item qodef-item--full post-10712 post type-post status-publish format-standard hentry category-literatura-gris tag-repatriados2">
	<div class="qodef-e-inner">
		<div class="qodef-e-media-holder">
			<div class="qodef-e-media">
	</div>
		</div>
		<div class="qodef-e-content">
						<div class="qodef-e-text">
				<h5 itemprop="name" class="qodef-e-title entry-title">
	<a itemprop="url" class="qodef-e-title-link" href="https://observatorios.colef.mx/osymm/acuerdo-por-el-que-se-establece-la-estrategia-interinstitucional-de-atencion-integral-a-familias-mexicanas-repatriadas-y-en-retorno/">
		ACUERDO por el que se establece la Estrategia Interinstitucional de Atención Integral a Familias Mexicanas Repatriadas y en Retorno	</a>
</h5>
		<p itemprop="description" class="qodef-e-excerpt">
			Documento que define la Estrategia Interinstitucional de Atención Integral a Familias Mexicanas Repatriadas y en Retorno, incluyendo las acciones para la reintegración a los serv		</p>
				</div>
							<div class="qodef-e-info qodef-info--bottom">
						<div class="qodef-e-read-more">
		<a class="qodef-shortcode qodef-m  qodef-qi-button qodef-html--link qodef-layout--textual qodef-type--standard   qodef-icon--right qodef-hover--icon-move-horizontal-short     " href="https://observatorios.colef.mx/osymm/acuerdo-por-el-que-se-establece-la-estrategia-interinstitucional-de-atencion-integral-a-familias-mexicanas-repatriadas-y-en-retorno/" target="_self">	<span class="qodef-m-text">Leer mas</span>	</a>	</div>
				</div>
					</div>
	</div>
</article>
	</div>
	</div>
				</div>
				</div>
					</div>
				</div>
				</div>

<p>Unidad de Política Migratoria, Registro e Identidad de Personas, Secretaría de Gobernación. Boletín Mensual de Estadísticas Migratorias, 2025. Boletín estadístico sobre el registro de la devolución de mexicanas y mexicanos desde Estados Unidos (antes, repatriación de mexicanos) Ir al documento. Leer mas Return Migration and the Challenges of Reintegration in Mexico Entre 2005 y 2018, [&hellip;]</p>
